{"id":460,"date":"2021-04-14T11:36:59","date_gmt":"2021-04-14T11:36:59","guid":{"rendered":"https:\/\/mans.org.pl\/coach\/?post_type=kadra&#038;p=460"},"modified":"2021-05-05T12:31:24","modified_gmt":"2021-05-05T12:31:24","slug":"kare-landfald","status":"publish","type":"kadra","link":"https:\/\/mans.org.pl\/coaching\/?kadra=kare-landfald","title":{"rendered":"K\u00e5re Landfald"},"content":{"rendered":"\n<p>Jest tw\u00f3rc\u0105 Zen Coachingu i&nbsp;jego g\u0142\u00f3wnym nauczycielem. Zapocz\u0105tkowa\u0142 rozw\u00f3j Mi\u0119dzynarodowej Spo\u0142eczno\u015bci Coach\u00f3w w&nbsp;podej\u015bciu Zen Coachingu. Prowadzi roczny trening Zen Coachingu w&nbsp;Norwegii, Szwecji, Polsce, Republice Po\u0142udniowej Afryki, Holandii i&nbsp;Danii. K\u00e5re otrzyma\u0142 Licencjat z&nbsp;Filozofii oraz&nbsp;tytu\u0142 Magistra Zarz\u0105dzania i&nbsp;System\u00f3w Informatycznych (Sivilingeni\u00f8r na&nbsp;NTH w&nbsp;Trondheim, Norwegia). Od 1997 r. K\u00e5re Landfald pracuje jako consultant, coach, mediator w&nbsp;konfliktach, menad\u017cer i&nbsp;nauczyciel rozwoju osobistego oraz&nbsp;zarz\u0105dzania zmian\u0105 w&nbsp;organizacjach. Wcze\u015bniej, przez&nbsp;kilka lat, K\u00e5re anga\u017cowa\u0142 si\u0119 w&nbsp;dzia\u0142ania na&nbsp;polu stosunk\u00f3w mi\u0119dzynarodowych. Pracowa\u0142 dla&nbsp;ONZ, norweskiego Ministerstwa Spraw Zagranicznych oraz&nbsp;jako konsultant w&nbsp;wielu organizacjach. Jego dzia\u0142ania obejmowa\u0142y sprawy dotycz\u0105ce strategii redukcji ub\u00f3stwa, rozwoju organizacji, zapobiegania konfliktom, negocjacji, polityki ochrony \u015brodowiska, reformy ONZ i&nbsp;wiele innych.<\/p>\n","protected":false},"featured_media":461,"template":"","class_list":["post-460","kadra","type-kadra","status-publish","has-post-thumbnail","hentry"],"acf":[],"_links":{"self":[{"href":"https:\/\/mans.org.pl\/coaching\/index.php?rest_route=\/wp\/v2\/kadra\/460","targetHints":{"allow":["GET"]}}],"collection":[{"href":"https:\/\/mans.org.pl\/coaching\/index.php?rest_route=\/wp\/v2\/kadra"}],"about":[{"href":"https:\/\/mans.org.pl\/coaching\/index.php?rest_route=\/wp\/v2\/types\/kadra"}],"wp:featuredmedia":[{"embeddable":true,"href":"https:\/\/mans.org.pl\/coaching\/index.php?rest_route=\/wp\/v2\/media\/461"}],"wp:attachment":[{"href":"https:\/\/mans.org.pl\/coaching\/index.php?rest_route=%2Fwp%2Fv2%2Fmedia&parent=460"}],"curies":[{"name":"wp","href":"https:\/\/api.w.org\/{rel}","templated":true}]}}

Kåre Landfald

<p>Jest twórcą Zen Coachingu i&nbsp;jego głównym nauczycielem. Zapoczątkował rozwój Międzynarodowej Społeczności Coachów w&nbsp;podejściu Zen Coachingu. Prowadzi roczny trening Zen Coachingu w&nbsp;Norwegii, Szwecji, Polsce, Republice Południowej Afryki, Holandii i&nbsp;Danii. Kåre otrzymał Licencjat z&nbsp;Filozofii oraz&nbsp;tytuł Magistra Zarządzania i&nbsp;Systemów Informatycznych (Sivilingeniør na&nbsp;NTH w&nbsp;Trondheim, Norwegia). Od 1997 r. Kåre Landfald pracuje jako consultant, coach, mediator w&nbsp;konfliktach, menadżer i&nbsp;nauczyciel rozwoju osobistego oraz&nbsp;zarządzania zmianą w&nbsp;organizacjach. Wcześniej, przez&nbsp;kilka lat, Kåre angażował się w&nbsp;działania na&nbsp;polu stosunków międzynarodowych. Pracował dla&nbsp;ONZ, norweskiego Ministerstwa Spraw Zagranicznych oraz&nbsp;jako konsultant w&nbsp;wielu organizacjach. Jego działania obejmowały sprawy dotyczące strategii redukcji ubóstwa, rozwoju organizacji, zapobiegania konfliktom, negocjacji, polityki ochrony środowiska, reformy ONZ i&nbsp;wiele innych.</p>
